nder when h(-5) is divided by 5?
3
Let l = -24 + 43. Let d = 5 + 2. What is the remainder when l is divided by d?
5
Let c(a) = -6*a - 8. What is the remainder when 47 is divided by c(-4)?
15
Let v(x) = x**2 + x + 60. Let w be v(0). Suppose d = 2*n - w - 24, -n - d = -39. What is the remainder when n is divided by 14?
13
Suppose -253 = 2*l - 1033. Suppose -4*v + 3*r - 65 = -l, -5*v - 5*r = -450. Calculate the remainder when v is divided by 29.
27
Let h(l) = -l - 8. Let p be (-24)/(-4)*1/2. Suppose -81 = -5*a - 5*q + 84, 69 = 2*a + p*q. Calculate the remainder when a is divided by h(-16).
6
What is the remainder when ((-26)/(-3))/(6/27) is divided by 10?
9
Suppose 5*x - 4*o - 77 = 0, -5*x - 3*o + 60 = 4. What is the remainder when x is divided by 5?
3
Suppose 2*s + p = 29, -2*s - 41 = -4*s - 5*p. Let d = 10 - 7. Suppose 4*q = h + 7, 3*h = 4*h + d*q - 14. What is the remainder when s is divided by h?
3
Let j = -6 - -20. Calculate the remainder when 27 is divided by j.
13
Suppose 0*j - 20 = -4*c - 3*j, 0 = -2*c - 2*j + 10. Calculate the remainder when 38 is divided by c.
3
Let k = 0 - -71. Let h = -38 - -119. Suppose -4*v - 3*j = -h, -j = -v + 4 + 11. Calculate the remainder when k is divided by v.
17
Let q(m) = 11*m - 10. Calculate the remainder when q(8) is divided by 40.
38
Suppose 0 = 2*l - 0 - 8. Let f be (65/(-20))/(1/(-20)). Calculate the remainder when 17 is divided by l/(-14) + f/7.
8
Let l = 14 - 10. Let w(k) = 7 + 4*k + k**2 - l*k. Calculate the remainder when w(0) is divided by 3.
1
Suppose -j = -5*b + 131 + 16, 3*b = -5*j + 77. Suppose 0 = l + 2 - 4. Suppose l*q + 0*q = 16. Calculate the remainder when b is divided by q.
5
Suppose -5*b + 2*b + 6 = 0. Let f be (-9)/(-6)*(b - 0). Suppose f*w - 33 = 21. Calculate the remainder when 34 is divided by w.
16
Let x = 68 - 38. What is the remainder when x is divided by 8?
6
Let z = 11 - 9. Suppose 3*l - 13 = z*l. What is the remainder when 50 is divided by l?
11
Suppose -n = 25*n - 26. Suppose -6 = 3*w - 3*m, 5*w + m - 4*m = -6. What is the remainder when (w - 3/(-1))*1 is divided by n?
0
Let i(t) = 9*t + 5. Calculate the remainder when i(4) is divided by ((-4)/(-6))/(1/21).
13
Let y(r) = -r**2 + 19*r + 30. Suppose 0 = 3*n - 2*t - 29 - 15, -2*n - 4*t + 40 = 0. What is the remainder when y(19) is divided by n?
14
Let l = 4 + -9. Suppose 3*w - 32 = -8. What is the remainder when -3 - (l + 3 - 24) is divided by w?
7
Let d = 4 + 7. Let o(n) = -n**2 + 14*n - 5. What is the remainder when 81 is divided by o(d)?
25
Let k = 20 + -14. Let d(w) = w**2 - 4*w - 1. Let l be d(k). Let g = l + -6. What is the remainder when 9 is divided by g?
4
Let b(y) = 3*y + 3*y**2 - y**3 - 2*y + 3*y - 3. Calculate the remainder when b(2) is divided by 3.
0
Let a = -31 + 76. What is the remainder when a is divided by 23?
22
Suppose p + 6 = -5*o + 24, -3*p + 9 = 0. Suppose s + 15 = 3*u, u = -s + o + 2. Calculate the remainder when ((-39)/6)/(2/(-4)) is divided by u.
3
Let g(f) = 52*f**2. Calculate the remainder when g(-1) is divided by ((-8)/(-10))/((-14)/(-315)).
16
Suppose m + 4*m = -2*n + 85, -3*m - 2*n = -47. Suppose 8*w - 3*w - 29 = -y, 0 = -5*y - 3*w + 35. What is the remainder when m is divided by -6*(-1)/2 + y?
5
Let x = 110 + -107. What is the remainder when 3 is divided by x?
0
Let j be 1/(((-4)/(-3))/4). Suppose -2*f = 5*s - 40, 0 = 2*f - 2*s + 3*s - 24. What is the remainder when f is divided by j/((-2)/(8/(-2)))?
4
Suppose -5*i - 2*a = -11, -2 + 11 = 3*a. What is the remainder when 2 is divided by i?
0
Suppose -3*b + 1 = -2. What is the remainder when (-4 + b)*26/(-6) is divided by 7?
6
Suppose -4*x + 26 = 18. What is the remainder when 6 is divided by x?
0
Suppose 3*q - 18 = 48. Calculate the remainder when q is divided by 2 + 7 + (-1)/1.
6
Suppose -7 = 3*n - 64. Calculate the remainder when 55 is divided by n.
17
Let d = 41 + -76. Let t = -108 - -153. What is the remainder when t is divided by (-2)/(-10) - 413/d?
9
Let g(o) = -o**2 - 8*o + 2. Let s be 2/(-6) - 40/(-12). Suppose 5 = s*w + 2*w, 4*w - 19 = -5*t. What is the remainder when g(-7) is divided by t?
0
Suppose 9*r + 12 = 5*c + 10*r, 2*r = -4*c + 6. What is the remainder when 19 is divided by c?
1
Suppose 2*t = 5*t - 72. Let h = 5 + t. Calculate the remainder when h is divided by 10.
9
Suppose 13 = z + 4*r, 2*z + 0*z = -3*r + 51. Calculate the remainder when z is divided by 24/(-7)*(4 - 15/2).
9
Let h be ((-20)/(-6))/(6/9). Suppose 0 = h*x - 0*x - 125. Calculate the remainder when x is divided by 13.
12
Let n(i) = i**2 + 9*i - 6. Let g be n(-9). Let k = g - -4. Calculate the remainder when 0/2 - k - -31 is divided by 17.
16
Suppose 4*b - 52 = -2*q - 12, 4*q = b - 28. Let o = 36 - b. What is the remainder when o is divided by 13?
11
Suppose -4*c + 45 = c. Calculate the remainder when 26 is divided by c.
8
Let r be (-1 + (-1 - -2))/1. Let b be r - 0 - 2 - -9. Suppose -c + b + 0 = 0. What is the remainder when 20 is divided by c?
6
Suppose 22*j = 21*j + 3. Suppose -j*q = 6, 2*m - q = -2*m + 50. Let b = -17 + 40. What is the remainder when b is divided by m?
11
Let v(h) = -2*h - 7. Let k(i) be the third derivative of i**5/60 - 7*i**4/24 + 7*i**3/6 - 2*i**2. Calculate the remainder when k(7) is divided by v(-6).
2
Suppose -4*h = 4*g - 48, 3*h - 2 - 6 = -g. Suppose -2*u + 3 = -1. Calculate the remainder when (2/u)/(1/40) is divided by g.
12
Let g(i) = i**2 - 1. Let b be g(2). Suppose -b*k + 8*k - 85 = 0. Calculate the remainder when k is divided by 6.
5
Suppose 51 + 109 = 5*u. Suppose 18 + u = 2*t. What is the remainder when t is divided by 9?
7
Suppose 0 = -3*v + 5 + 1. Let d(x) = 2 + x**v - 1 + 6*x**2 - 4*x - x**3. What is the remainder when d(6) is divided by 7?
6
Suppose -3*r + 7 = 2*a, 0 = a + 1 - 0. Calculate the remainder when 22 is divided by r.
1
What is the remainder when (-4)/(-14) - 68/(-7) is divided by 4/(50/(-15) + 4)?
4
Let y = 22 + -12. Let k(l) = l + 10. Let c(t) = t + 18. Let b be c(-9). Calculate the remainder when k(b) is divided by y.
9
Let n(q) = -q**2 + 4*q + 7. Let s be n(5). Suppose -2*f - r = 2*f - 31, 28 = s*f - 2*r. What is the remainder when 16 is divided by f?
7
Let r = -5 - -11. Let a(t) = t**3 - 4*t**2 + 4*t - 1. Let y be a(4). Calculate the remainder when r is divided by 30/(-9)*(-18)/y.
2
Let z(l) = 2*l**2 + 4*l + 9. Let t be z(-6). Suppose t + 22 = 3*o + 2*i, 2*o - 4*i - 58 = 0. Calculate the remainder when o is divided by (-2)/(3/(-3*5)).
7
Let w = 244 + -141. Calculate the remainder when w is divided by 26.
25
Let u = 29 - 18. Suppose -5*q = -2*f - f - 39, -4*f = 3*q + 23. Let k = -2 - f. Calculate the remainder when u is divided by k.
5
Let i be ((-25)/5)/(2/4). What is the remainder when 23 is divided by 20/(-6)*18/i?
5
What is the remainder when (52 - 4/(-4)) + -3 is divided by 27?
23
Let c be 1*(-1)/(-2)*0. Suppose 2*u = -c*u + 6. Suppose w + u*n = 20, 0*w - 4*n = -2*w + 80. What is the remainder when w is divided by 17?
15
Calculate the remainder when 53 is divided by (36 - 11)*3/30*6.
8
Suppose -3*k - 2*m + 128 = 2*k, 2*m + 80 = 3*k. Let y = -42 - -118. What is the remainder when y is divided by k?
24
Let n(r) = 3*r**2 - 24*r + 35. Let j(o) = -o**2 + 7*o. Let l be -1*8*(-2)/4. Calculate the remainder when n(8) is divided by j(l).
11
Let z be (-2 - 5)*3/(-3). Suppose -5 = 2*f - z*f. Calculate the remainder when 3 is divided by f.
0
Let s(f) = f**3 + 4*f**2 - 6*f - 6. Calculate the remainder when 70 is divided by s(-4).
16
What is the remainder when 20/6 + (-4)/(-6) is divided by 1/((-3)/(-2) + -1)?
0
Let v(y) = -3*y + 1. Let f be v(-2). Let l = 14 - -1. Let j = l - f. What is the remainder when 15 is divided by j?
7
Let t = 60 - -12. Calculate the remainder when t is divided by 25.
22
Suppose 0 = 2*x - 4*g - 44, -4*x - 4*g - 23 = -87. What is the remainder when 87 is divided by x?
15
Suppose -2*a = -f - f - 20, -2*a - 4*f + 14 = 0. Suppose 6*y = 4*y - 2, 2*y = 2*n - 54. What is the remainder when n is divided by a?
8
Let n(y) = -y**2 + 6*y - 3. Calculate the remainder when 3 is divided by n(5).
1
Let a = -4 - -13. What is the remainder when 16 is divided by a?
7
Let p be -56*(-3)/2 + 3. Suppose 5*v = -22 + p. What is the remainder when v is divided by 7?
6
Calculate the remainder when 44 is divided by -3 + 6 -